 factor of 576 and 1912.
8
Calculate the highest common factor of 4296 and 1944.
24
Calculate the highest common divisor of 231144 and 72.
24
What is the highest common divisor of 60528 and 273?
39
What is the highest common divisor of 22990 and 2783?
121
What is the greatest common divisor of 105742 and 5229?
581
What is the highest common divisor of 9782 and 146?
146
What is the highest common divisor of 62 and 147126?
62
What is the greatest common factor of 112 and 3862?
2
Calculate the highest common divisor of 2964 and 12636.
156
Calculate the highest common divisor of 310 and 29590.
10
Calculate the greatest common divisor of 876511 and 73.
73
What is the highest common factor of 86760 and 50?
10
Calculate the greatest common divisor of 218 and 887260.
218
What is the highest common divisor of 45708 and 195?
39
What is the greatest common factor of 224 and 665?
7
What is the highest common factor of 316762 and 1004?
502
Calculate the highest common divisor of 261442 and 148.
74
Calculate the highest common divisor of 451 and 26917.
11
Calculate the highest common divisor of 135 and 212670.
45
Calculate the highest common divisor of 515097 and 24123.
1419
Calculate the greatest common divisor of 8290 and 70.
10
What is the greatest common factor of 304 and 25384?
152
Calculate the highest common factor of 3351 and 237.
3
Calculate the highest common divisor of 5672 and 189303.
709
Calculate the greatest common divisor of 22 and 34.
2
Calculate the highest common factor of 1630 and 20864.
326
Calculate the greatest common divisor of 54428 and 264.
44
Calculate the greatest common divisor of 59976 and 27.
9
Calculate the highest common divisor of 8687 and 1022.
511
Calculate the highest common factor of 134694 and 28.
14
What is the greatest common divisor of 262435 and 73?
73
What is the greatest common factor of 1749 and 22684?
53
What is the greatest common divisor of 616894 and 2?
2
Calculate the highest common factor of 7038760 and 1490.
1490
What is the greatest common factor of 2760 and 1230?
30
What is the greatest common factor of 371856 and 183?
183
Calculate the greatest common divisor of 238 and 8806.
238
What is the greatest common factor of 24002 and 176?
22
What is the highest common divisor of 304826 and 5536?
346
What is the greatest common factor of 201745 and 6939?
257
Calculate the highest common factor of 13 and 14654640.
13
What is the highest common divisor of 56 and 6062?
14
Calculate the highest common divisor of 1208 and 126689.
151
What is the highest common factor of 168 and 68712?
168
What is the greatest common divisor of 12017 and 4?
1
What is the greatest common factor of 510345 and 90?
45
Calculate the greatest common divisor of 296463 and 51.
51
Calculate the greatest common divisor of 71460 and 250.
10
What is the greatest common divisor of 32 and 12739712?
32
Calculate the highest common factor of 308890 and 2346.
782
What is the highest common divisor of 56844 and 144?
36
Calculate the highest common factor of 6178014 and 36.
18
What is the greatest common factor of 973639 and 293?
293
What is the highest common divisor of 50 and 75170?
10
What is the greatest common divisor of 214459 and 14?
7
Calculate the highest common divisor of 13935 and 35.
5
What is the highest common divisor of 54696 and 688?
344
What is the highest common divisor of 2 and 24000?
2
What is the highest common factor of 6206752 and 292?
292
Calculate the highest common factor of 36360 and 32.
8
What is the highest common factor of 816 and 1472?
16
Calculate the highest common divisor of 259 and 4249.
7
What is the highest common divisor of 277510 and 40?
10
What is the greatest common divisor of 11128 and 1560?
104
Calculate the greatest common divisor of 35705 and 1961.
37
Calculate the greatest common factor of 28 and 7442932.
28
Calculate the highest common factor of 8 and 36926.
2
What is the greatest common divisor of 25456 and 32?
16
What is the greatest common factor of 4529670 and 30?
30
Calculate the highest common factor of 610 and 24095.
305
What is the highest common divisor of 26 and 8408?
2
What is the greatest common factor of 8397 and 3110?
311
Calculate the highest common factor of 348 and 73176.
12
Calculate the highest common divisor of 214 and 1386934.
214
Calculate the highest common divisor of 1193094 and 612.
306
Calculate the highest common factor of 1560 and 1205880.
1560
What is the greatest common divisor of 223 and 2670202?
223
Calculate the highest common divisor of 201936 and 1344.
336
Calculate the greatest common divisor of 493 and 12614.
17
What is the greatest common factor of 49761 and 684?
171
What is the highest common divisor of 198681 and 63?
21
Calculate the greatest common factor of 1169 and 9853.
167
What is the greatest common divisor of 623362 and 6?
2
What is the highest common divisor of 605044 and 396?
44
What is the greatest common factor of 232867 and 40078?
691
Calculate the greatest common divisor of 656175 and 50.
25
Calculate the greatest common divisor of 539 and 12395383.
539
Calculate the greatest common divisor of 193520 and 41.
41
What is the greatest common factor of 21158 and 994?
142
What is the highest common factor of 64413 and 9027?
153
What is the greatest common factor of 2014 and 2701781?
1007
Calculate the greatest common divisor of 48380 and 885.
295
What is the greatest common factor of 18335 and 608?
19
Calculate the greatest common factor of 30799 and 38.
19
What is the greatest common factor of 151 and 646733?
151
Calculate the greatest common divisor of 32 and 6728.
8
Calculate the greatest common divisor of 2327 and 3341.
13
Calculate the greatest common divisor of 65310 and 70.
70
What is the highest common divisor of 474971 and 56?
7
What is the highest common factor of 880 and 24805?
55
What is the greatest common divisor of 136 and 607?
1
What is the highest common divisor of 12477843 and 606?
303
What is the greatest common factor of 77 and 21626?
11
What is the highest common factor of 234771 and 1668?
417
What is the greatest common factor of 94221 and 45733?
551
What is the greatest common divisor of 48 and 105744?
48
Calculate the highest common factor of 273 and 46007.
13
Calculate the greatest common divisor of 149408 and 1932.
644
Calculate the highest common divisor of 161 and 504.
7
Calculate the highest common divisor of 515 and 5047.
103
What is the highest common factor of 774 and 306?
18
What is the greatest common factor of 255 and 86343?
51
Calculate the greatest common divisor of 1496 and 127432.
136
Calculate the highest common divisor of 282 and 5734.
94
Calculate the greatest common factor of 2 and 418598.
2
What is the greatest common divisor of 520 and 189540?
260
What is the greatest common factor of 319125 and 375?
375
What is the highest common divisor of 216 and 317736?
216
What is the highest common divisor of 5600 and 1232?
112
Calculate the greatest common divisor of 832788 and 13662.
594
What is the greatest common divisor of 12350240 and 112?
112
What is the greatest common factor of 16 and 30152?
8
Calculate the greatest common divisor of 24 and 283368.
24
What is the highest common divisor of 15 and 128211?
3
Calculate the highest common factor of 547716 and 741.
39
Calculate the greatest common factor of 12358 and 4175.
167
What is the greatest common factor of 276 and 350934?
138
What is the greatest common divisor of 9 and 1908?
9
What is the highest common divisor of 376 and 6439?
47
Calculate the highest common factor of 80787 and 63.
21
What is the highest common factor of 3553 and 26543?
209
Calculate the greatest common factor of 26068 and 43757.
931
Calculate the highest common factor of 1311 and 399.
57
What is the greatest common divisor of 720529 and 2149?
307
Calculate the highest common divisor of 8932 and 257404.
812
What is the greatest common divisor of 1056 and 924?
132
Calculate the greatest common divisor of 6048 and 56.
56
Calculate the highest common factor of 17918 and 1240.
62
What is the greatest common factor of 361 and 18791?
19
What is the greatest common divisor of 15205 and 605?
5
Calculate the highest common factor of 23364 and 1188.
396
What is the greatest common factor of 64 and 23